[INFO] cloning repository https://github.com/ShrinathNR/solana-blog-dapp
[INFO] running `Command { std: "git" "-c" "credential.helper=" "-c" "credential.helper=/workspace/cargo-home/bin/git-credential-null" "clone" "--bare" "https://github.com/ShrinathNR/solana-blog-dapp" "/workspace/cache/git-repos/https%3A%2F%2Fgithub.com%2FShrinathNR%2Fsolana-blog-dapp", kill_on_drop: false }`
[INFO] [stderr] Cloning into bare repository '/workspace/cache/git-repos/https%3A%2F%2Fgithub.com%2FShrinathNR%2Fsolana-blog-dapp'...
[INFO] running `Command { std: "git" "rev-parse" "HEAD", kill_on_drop: false }`
[INFO] [stdout] 44ae810cf07717686c42198a6f0cc49425779329
[INFO] checking ShrinathNR/solana-blog-dapp against master#9610dfe5a9a731ced1ea4923ecbd0c57fe367898 for beta-170-4
[INFO] running `Command { std: "git" "clone" "/workspace/cache/git-repos/https%3A%2F%2Fgithub.com%2FShrinathNR%2Fsolana-blog-dapp" "/workspace/builds/worker-5-tc1/source", kill_on_drop: false }`
[INFO] [stderr] Cloning into '/workspace/builds/worker-5-tc1/source'...
[INFO] [stderr] done.
[INFO] validating manifest of git repo https://github.com/ShrinathNR/solana-blog-dapp on toolchain 9610dfe5a9a731ced1ea4923ecbd0c57fe367898
[INFO] running `Command { std: CARGO_HOME="/workspace/cargo-home" RUSTUP_HOME="/workspace/rustup-home" "/workspace/cargo-home/bin/cargo" "+9610dfe5a9a731ced1ea4923ecbd0c57fe367898" "metadata" "--manifest-path" "Cargo.toml" "--no-deps", kill_on_drop: false }`
[INFO] started tweaking git repo https://github.com/ShrinathNR/solana-blog-dapp
[INFO] finished tweaking git repo https://github.com/ShrinathNR/solana-blog-dapp
[INFO] tweaked toml for git repo https://github.com/ShrinathNR/solana-blog-dapp written to /workspace/builds/worker-5-tc1/source/Cargo.toml
[INFO] crate git repo https://github.com/ShrinathNR/solana-blog-dapp already has a lockfile, it will not be regenerated
[INFO] running `Command { std: CARGO_HOME="/workspace/cargo-home" RUSTUP_HOME="/workspace/rustup-home" "/workspace/cargo-home/bin/cargo" "+9610dfe5a9a731ced1ea4923ecbd0c57fe367898" "fetch" "--manifest-path" "Cargo.toml", kill_on_drop: false }`
[INFO] [stderr]  Downloading crates ...
[INFO] [stderr]   Downloaded anchor-attribute-account v0.20.1
[INFO] [stderr]   Downloaded solana-frozen-abi-macro v1.10.0
[INFO] [stderr]   Downloaded solana-sdk-macro v1.10.0
[INFO] [stderr]   Downloaded anchor-lang v0.20.1
[INFO] [stderr]   Downloaded solana-program v1.10.0
[INFO] [stderr]   Downloaded anchor-attribute-access-control v0.20.1
[INFO] [stderr]   Downloaded anchor-attribute-constant v0.20.1
[INFO] [stderr]   Downloaded anchor-attribute-error v0.20.1
[INFO] [stderr]   Downloaded anchor-attribute-event v0.20.1
[INFO] [stderr]   Downloaded anchor-attribute-program v0.20.1
[INFO] [stderr]   Downloaded anchor-attribute-state v0.20.1
[INFO] [stderr]   Downloaded anchor-syn v0.20.1
[INFO] [stderr]   Downloaded anchor-derive-accounts v0.20.1
[INFO] [stderr]   Downloaded solana-frozen-abi v1.10.0
[INFO] [stderr]   Downloaded anchor-attribute-interface v0.20.1
[INFO] running `Command { std: "docker" "create" "-v" "/var/lib/crater-agent-workspace/builds/worker-5-tc1/target:/opt/rustwide/target:rw,Z" "-v" "/var/lib/crater-agent-workspace/builds/worker-5-tc1/source:/opt/rustwide/workdir:ro,Z" "-v" "/var/lib/crater-agent-workspace/cargo-home:/opt/rustwide/cargo-home:ro,Z" "-v" "/var/lib/crater-agent-workspace/rustup-home:/opt/rustwide/rustup-home:ro,Z" "-e" "SOURCE_DIR=/opt/rustwide/workdir" "-e" "CARGO_TARGET_DIR=/opt/rustwide/target" "-e" "CARGO_HOME=/opt/rustwide/cargo-home" "-e" "RUSTUP_HOME=/opt/rustwide/rustup-home" "-w" "/opt/rustwide/workdir" "-m" "1610612736" "--user" "0:0" "--network" "none" "ghcr.io/rust-lang/crates-build-env/linux@sha256:19e73879b68f455e41552ea35293514db52ea292d993f571636dbffedb77a1ee" "/opt/rustwide/cargo-home/bin/cargo" "+9610dfe5a9a731ced1ea4923ecbd0c57fe367898" "metadata" "--no-deps" "--format-version=1", kill_on_drop: false }`
[INFO] [stdout] 860029dd3ee6351aae49a4890bbd8fb03a0913f90467a5096d856513dc0b5af0
[INFO] running `Command { std: "docker" "start" "-a" "860029dd3ee6351aae49a4890bbd8fb03a0913f90467a5096d856513dc0b5af0", kill_on_drop: false }`
[INFO] running `Command { std: "docker" "inspect" "860029dd3ee6351aae49a4890bbd8fb03a0913f90467a5096d856513dc0b5af0", kill_on_drop: false }`
[INFO] running `Command { std: "docker" "rm" "-f" "860029dd3ee6351aae49a4890bbd8fb03a0913f90467a5096d856513dc0b5af0", kill_on_drop: false }`
[INFO] [stdout] 860029dd3ee6351aae49a4890bbd8fb03a0913f90467a5096d856513dc0b5af0
[INFO] running `Command { std: "docker" "create" "-v" "/var/lib/crater-agent-workspace/builds/worker-5-tc1/target:/opt/rustwide/target:rw,Z" "-v" "/var/lib/crater-agent-workspace/builds/worker-5-tc1/source:/opt/rustwide/workdir:ro,Z" "-v" "/var/lib/crater-agent-workspace/cargo-home:/opt/rustwide/cargo-home:ro,Z" "-v" "/var/lib/crater-agent-workspace/rustup-home:/opt/rustwide/rustup-home:ro,Z" "-e" "SOURCE_DIR=/opt/rustwide/workdir" "-e" "CARGO_TARGET_DIR=/opt/rustwide/target" "-e" "CARGO_INCREMENTAL=0" "-e" "RUST_BACKTRACE=full" "-e" "RUSTFLAGS=--cap-lints=forbid" "-e" "RUSTDOCFLAGS=--cap-lints=forbid" "-e" "CARGO_HOME=/opt/rustwide/cargo-home" "-e" "RUSTUP_HOME=/opt/rustwide/rustup-home" "-w" "/opt/rustwide/workdir" "-m" "1610612736" "--user" "0:0" "--network" "none" "ghcr.io/rust-lang/crates-build-env/linux@sha256:19e73879b68f455e41552ea35293514db52ea292d993f571636dbffedb77a1ee" "/opt/rustwide/cargo-home/bin/cargo" "+9610dfe5a9a731ced1ea4923ecbd0c57fe367898" "check" "--frozen" "--all" "--all-targets" "--message-format=json", kill_on_drop: false }`
[INFO] [stdout] ab4ac8ffaed2438fb7702295034465659c4b7a8de3616a342029b6e56513aa8b
[INFO] running `Command { std: "docker" "start" "-a" "ab4ac8ffaed2438fb7702295034465659c4b7a8de3616a342029b6e56513aa8b", kill_on_drop: false }`
[INFO] [stderr]     Blocking waiting for file lock on package cache
[INFO] [stderr]     Blocking waiting for file lock on package cache
[INFO] [stderr]     Blocking waiting for file lock on package cache
[INFO] [stderr]    Compiling proc-macro2 v1.0.36
[INFO] [stderr]    Compiling syn v1.0.86
[INFO] [stderr]    Compiling serde_derive v1.0.136
[INFO] [stderr]    Compiling serde v1.0.136
[INFO] [stderr]    Compiling version_check v0.9.4
[INFO] [stderr]    Compiling typenum v1.15.0
[INFO] [stderr]    Compiling cfg-if v1.0.0
[INFO] [stderr]    Compiling libc v0.2.119
[INFO] [stderr]     Checking subtle v2.4.1
[INFO] [stderr]    Compiling serde_json v1.0.79
[INFO] [stderr]    Compiling semver v1.0.6
[INFO] [stderr]    Compiling anyhow v1.0.56
[INFO] [stderr]    Compiling itoa v1.0.1
[INFO] [stderr]    Compiling unicode-segmentation v1.9.0
[INFO] [stderr]    Compiling crunchy v0.2.2
[INFO] [stderr]    Compiling cpufeatures v0.2.1
[INFO] [stderr]    Compiling yansi v0.5.0
[INFO] [stderr]    Compiling opaque-debug v0.3.0
[INFO] [stderr]    Compiling ryu v1.0.9
[INFO] [stderr]    Compiling bs58 v0.3.1
[INFO] [stderr]    Compiling getrandom v0.1.16
[INFO] [stderr]    Compiling wasm-bindgen-shared v0.2.79
[INFO] [stderr]    Compiling log v0.4.14
[INFO] [stderr]    Compiling heck v0.3.3
[INFO] [stderr]    Compiling lazy_static v1.4.0
[INFO] [stderr]    Compiling feature-probe v0.1.1
[INFO] [stderr]    Compiling generic-array v0.14.5
[INFO] [stderr]    Compiling proc-macro2-diagnostics v0.9.1
[INFO] [stderr]    Compiling ahash v0.7.6
[INFO] [stderr]    Compiling rustversion v1.0.6
[INFO] [stderr]    Compiling memchr v2.4.1
[INFO] [stderr]    Compiling bumpalo v3.9.1
[INFO] [stderr]     Checking ppv-lite86 v0.2.16
[INFO] [stderr]    Compiling rustc_version v0.4.0
[INFO] [stderr]    Compiling bv v0.11.1
[INFO] [stderr]     Checking once_cell v1.10.0
[INFO] [stderr]    Compiling cc v1.0.73
[INFO] [stderr]    Compiling autocfg v1.1.0
[INFO] [stderr]    Compiling wasm-bindgen v0.2.79
[INFO] [stderr]    Compiling bs58 v0.4.0
[INFO] [stderr]    Compiling quote v1.0.15
[INFO] [stderr]     Checking arrayref v0.3.6
[INFO] [stderr]     Checking byteorder v1.4.3
[INFO] [stderr]     Checking zeroize v1.3.0
[INFO] [stderr]     Checking getrandom v0.2.5
[INFO] [stderr]    Compiling solana-frozen-abi-macro v1.10.0
[INFO] [stderr]    Compiling solana-frozen-abi v1.10.0
[INFO] [stderr]    Compiling solana-program v1.10.0
[INFO] [stderr]     Checking memmap2 v0.5.3
[INFO] [stderr]     Checking rand_core v0.5.1
[INFO] [stderr]     Checking keccak v0.1.0
[INFO] [stderr]    Compiling num-traits v0.2.14
[INFO] [stderr]    Compiling regex-syntax v0.6.25
[INFO] [stderr]     Checking arrayvec v0.7.2
[INFO] [stderr]     Checking hashbrown v0.11.2
[INFO] [stderr]     Checking rand_chacha v0.2.2
[INFO] [stderr]    Compiling aho-corasick v0.7.18
[INFO] [stderr]     Checking base64 v0.12.3
[INFO] [stderr]     Checking constant_time_eq v0.1.5
[INFO] [stderr]     Checking itertools v0.10.3
[INFO] [stderr]     Checking base64 v0.13.0
[INFO] [stderr]     Checking rand v0.7.3
[INFO] [stderr]     Checking bitflags v1.3.2
[INFO] [stderr]    Compiling blake3 v1.3.1
[INFO] [stderr]    Compiling regex v1.5.5
[INFO] [stderr]    Compiling wasm-bindgen-backend v0.2.79
[INFO] [stderr]    Compiling borsh-schema-derive-internal v0.9.3
[INFO] [stderr]    Compiling borsh-derive-internal v0.9.3
[INFO] [stderr]    Compiling wasm-bindgen-macro-support v0.2.79
[INFO] [stderr]    Compiling thiserror-impl v1.0.30
[INFO] [stderr]    Compiling bytemuck_derive v1.0.1
[INFO] [stderr]    Compiling num-derive v0.3.3
[INFO] [stderr]    Compiling solana-sdk-macro v1.10.0
[INFO] [stderr]    Compiling wasm-bindgen-macro v0.2.79
[INFO] [stderr]     Checking bytemuck v1.8.0
[INFO] [stderr]    Compiling thiserror v1.0.30
[INFO] [stderr]     Checking bincode v1.3.3
[INFO] [stderr]     Checking serde_bytes v0.11.5
[INFO] [stderr]    Compiling toml v0.5.8
[INFO] [stderr]     Checking digest v0.9.0
[INFO] [stderr]     Checking crypto-common v0.1.3
[INFO] [stderr]     Checking block-buffer v0.10.2
[INFO] [stderr]     Checking crypto-mac v0.8.0
[INFO] [stderr]     Checking block-buffer v0.9.0
[INFO] [stderr]     Checking hmac v0.8.1
[INFO] [stderr]     Checking sha2 v0.9.9
[INFO] [stderr]     Checking libsecp256k1-core v0.2.2
[INFO] [stderr]     Checking curve25519-dalek v3.2.1
[INFO] [stderr]     Checking digest v0.10.3
[INFO] [stderr]     Checking hmac-drbg v0.3.0
[INFO] [stderr]     Checking sha2 v0.10.2
[INFO] [stderr]     Checking sha3 v0.10.1
[INFO] [stderr]    Compiling proc-macro-crate v0.1.5
[INFO] [stderr]    Compiling anchor-syn v0.20.1
[INFO] [stderr]    Compiling borsh-derive v0.9.3
[INFO] [stderr]    Compiling libsecp256k1-gen-genmult v0.2.1
[INFO] [stderr]    Compiling libsecp256k1-gen-ecmult v0.2.1
[INFO] [stderr]     Checking borsh v0.9.3
[INFO] [stderr]    Compiling libsecp256k1 v0.6.0
[INFO] [stderr]    Compiling anchor-attribute-account v0.20.1
[INFO] [stderr]    Compiling anchor-attribute-state v0.20.1
[INFO] [stderr]    Compiling anchor-attribute-access-control v0.20.1
[INFO] [stderr]    Compiling anchor-attribute-program v0.20.1
[INFO] [stderr]    Compiling anchor-attribute-error v0.20.1
[INFO] [stderr]    Compiling anchor-derive-accounts v0.20.1
[INFO] [stderr]    Compiling anchor-attribute-constant v0.20.1
[INFO] [stderr]    Compiling anchor-attribute-event v0.20.1
[INFO] [stderr]    Compiling anchor-attribute-interface v0.20.1
[INFO] [stderr]     Checking anchor-lang v0.20.1
[INFO] [stderr]     Checking blog v0.1.0 (/opt/rustwide/workdir/programs/blog)
[INFO] [stdout] error: expected identifier, found `}`
[INFO] [stdout]   --> programs/blog/src/lib.rs:70:1
[INFO] [stdout]    |
[INFO] [stdout] 63 | pub struct CreatePost <'info>{
[INFO] [stdout]    |            ---------- while parsing this struct
[INFO] [stdout] ...
[INFO] [stdout] 70 | }
[INFO] [stdout]    | ^ expected identifier
[INFO] [stdout] 
[INFO] [stdout] 
[INFO] [stdout] error: expected identifier, found `}`
[INFO] [stdout]   --> programs/blog/src/lib.rs:70:1
[INFO] [stdout]    |
[INFO] [stdout] 63 | pub struct CreatePost <'info>{
[INFO] [stdout]    |            ---------- while parsing this struct
[INFO] [stdout] ...
[INFO] [stdout] 70 | }
[INFO] [stdout]    | ^ expected identifier
[INFO] [stdout] 
[INFO] [stdout] 
[INFO] [stdout] error: unexpected end of input, expected identifier
[INFO] [stdout]   --> programs/blog/src/lib.rs:70:1
[INFO] [stdout]    |
[INFO] [stdout] 70 | }
[INFO] [stdout]    | ^
[INFO] [stdout] 
[INFO] [stdout] 
[INFO] [stdout] error: unexpected end of input, expected identifier
[INFO] [stdout]   --> programs/blog/src/lib.rs:70:1
[INFO] [stdout]    |
[INFO] [stdout] 70 | }
[INFO] [stdout]    | ^
[INFO] [stdout] 
[INFO] [stdout] 
[INFO] [stdout] error[E0432]: unresolved import `crate`
[INFO] [stdout]  --> programs/blog/src/lib.rs:5:1
[INFO] [stdout]   |
[INFO] [stdout] 5 | #[program]
[INFO] [stdout]   | ^^^^^^^^^^ could not find `__client_accounts_create_p_ost` in the crate root
[INFO] [stdout]   |
[INFO] [stdout]   = note: this error originates in the attribute macro `program` (in Nightly builds, run with -Z macro-backtrace for more info)
[INFO] [stdout] 
[INFO] [stdout] 
[INFO] [stdout] error[E0432]: unresolved import `crate`
[INFO] [stdout]  --> programs/blog/src/lib.rs:5:1
[INFO] [stdout]   |
[INFO] [stdout] 5 | #[program]
[INFO] [stdout]   | ^^^^^^^^^^ could not find `__client_accounts_create_p_ost` in the crate root
[INFO] [stdout]   |
[INFO] [stdout]   = note: this error originates in the attribute macro `program` (in Nightly builds, run with -Z macro-backtrace for more info)
[INFO] [stdout] 
[INFO] [stdout] 
[INFO] [stdout] error[E0412]: cannot find type `CreatePOst` in this scope
[INFO] [stdout]   --> programs/blog/src/lib.rs:40:37
[INFO] [stdout]    |
[INFO] [stdout] 40 |     pub fn create_post(ctx: Context<CreatePOst>, title : Sting, content: String)->ProgramResult{
[INFO] [stdout]    |                                     ^^^^^^^^^^
[INFO] [stdout] ...
[INFO] [stdout] 63 | pub struct CreatePost <'info>{
[INFO] [stdout]    | ----------------------------- similarly named struct `CreatePost` defined here
[INFO] [stdout]    |
[INFO] [stdout] help: a struct with a similar name exists
[INFO] [stdout]    |
[INFO] [stdout] 40 |     pub fn create_post(ctx: Context<CreatePost>, title : Sting, content: String)->ProgramResult{
[INFO] [stdout]    |                                     ~~~~~~~~~~
[INFO] [stdout] help: you might be missing a type parameter
[INFO] [stdout]    |
[INFO] [stdout] 40 |     pub fn create_post<CreatePOst>(ctx: Context<CreatePOst>, title : Sting, content: String)->ProgramResult{
[INFO] [stdout]    |                       ++++++++++++
[INFO] [stdout] 
[INFO] [stdout] 
[INFO] [stdout] error[E0412]: cannot find type `CreatePOst` in this scope
[INFO] [stdout]   --> programs/blog/src/lib.rs:40:37
[INFO] [stdout]    |
[INFO] [stdout] 40 |     pub fn create_post(ctx: Context<CreatePOst>, title : Sting, content: String)->ProgramResult{
[INFO] [stdout]    |                                     ^^^^^^^^^^
[INFO] [stdout] ...
[INFO] [stdout] 63 | pub struct CreatePost <'info>{
[INFO] [stdout]    | ----------------------------- similarly named struct `CreatePost` defined here
[INFO] [stdout]    |
[INFO] [stdout] help: a struct with a similar name exists
[INFO] [stdout]    |
[INFO] [stdout] 40 |     pub fn create_post(ctx: Context<CreatePost>, title : Sting, content: String)->ProgramResult{
[INFO] [stdout]    |                                     ~~~~~~~~~~
[INFO] [stdout] help: you might be missing a type parameter
[INFO] [stdout]    |
[INFO] [stdout] 40 |     pub fn create_post<CreatePOst>(ctx: Context<CreatePOst>, title : Sting, content: String)->ProgramResult{
[INFO] [stdout]    |                       ++++++++++++
[INFO] [stdout] 
[INFO] [stdout] 
[INFO] [stdout] error[E0412]: cannot find type `Sting` in this scope
[INFO] [stdout]   --> programs/blog/src/lib.rs:40:58
[INFO] [stdout]    |
[INFO] [stdout] 40 |     pub fn create_post(ctx: Context<CreatePOst>, title : Sting, content: String)->ProgramResult{
[INFO] [stdout]    |                                                          ^^^^^ help: a struct with a similar name exists: `String`
[INFO] [stdout]   --> /rustc/9610dfe5a9a731ced1ea4923ecbd0c57fe367898/library/alloc/src/string.rs:365:1
[INFO] [stdout]    |
[INFO] [stdout]    = note: similarly named struct `String` defined here
[INFO] [stdout] 
[INFO] [stdout] 
[INFO] [stdout] error[E0412]: cannot find type `Sting` in this scope
[INFO] [stdout]   --> programs/blog/src/lib.rs:40:58
[INFO] [stdout]    |
[INFO] [stdout] 40 |     pub fn create_post(ctx: Context<CreatePOst>, title : Sting, content: String)->ProgramResult{
[INFO] [stdout]    |                                                          ^^^^^ help: a struct with a similar name exists: `String`
[INFO] [stdout]   --> /rustc/9610dfe5a9a731ced1ea4923ecbd0c57fe367898/library/alloc/src/string.rs:365:1
[INFO] [stdout]    |
[INFO] [stdout]    = note: similarly named struct `String` defined here
[INFO] [stdout] 
[INFO] [stdout] 
[INFO] [stdout] error[E0412]: cannot find type `Sting` in this scope
[INFO] [stdout]  --> programs/blog/src/lib.rs:5:1
[INFO] [stdout]   |
[INFO] [stdout] 5 | #[program]
[INFO] [stdout]   | ^^^^^^^^^^ help: a struct with a similar name exists: `String`
[INFO] [stdout]  --> /rustc/9610dfe5a9a731ced1ea4923ecbd0c57fe367898/library/alloc/src/string.rs:365:1
[INFO] [stdout]   |
[INFO] [stdout]   = note: similarly named struct `String` defined here
[INFO] [stdout]   |
[INFO] [stdout]   = note: this error originates in the attribute macro `program` (in Nightly builds, run with -Z macro-backtrace for more info)
[INFO] [stdout] 
[INFO] [stdout] 
[INFO] [stdout] error[E0412]: cannot find type `Sting` in this scope
[INFO] [stdout]  --> programs/blog/src/lib.rs:5:1
[INFO] [stdout]   |
[INFO] [stdout] 5 | #[program]
[INFO] [stdout]   | ^^^^^^^^^^ help: a struct with a similar name exists: `String`
[INFO] [stdout]  --> /rustc/9610dfe5a9a731ced1ea4923ecbd0c57fe367898/library/alloc/src/string.rs:365:1
[INFO] [stdout]   |
[INFO] [stdout]   = note: similarly named struct `String` defined here
[INFO] [stdout]   |
[INFO] [stdout]   = note: this error originates in the attribute macro `program` (in Nightly builds, run with -Z macro-backtrace for more info)
[INFO] [stdout] 
[INFO] [stdout] 
[INFO] [stdout] error[E0412]: cannot find type `PostState` in this scope
[INFO] [stdout]   --> programs/blog/src/lib.rs:50:48
[INFO] [stdout]    |
[INFO] [stdout] 50 |     pub genesis_post_account : Account <'info, PostState>,
[INFO] [stdout]    |                                                ^^^^^^^^^ not found in this scope
[INFO] [stdout]    |
[INFO] [stdout] help: you might be missing a type parameter
[INFO] [stdout]    |
[INFO] [stdout] 46 | pub struct InitBlog<'info, PostState> {
[INFO] [stdout]    |                          +++++++++++
[INFO] [stdout] 
[INFO] [stdout] 
[INFO] [stdout] error[E0412]: cannot find type `PostState` in this scope
[INFO] [stdout]   --> programs/blog/src/lib.rs:50:48
[INFO] [stdout]    |
[INFO] [stdout] 50 |     pub genesis_post_account : Account <'info, PostState>,
[INFO] [stdout]    |                                                ^^^^^^^^^ not found in this scope
[INFO] [stdout]    |
[INFO] [stdout] help: you might be missing a type parameter
[INFO] [stdout]    |
[INFO] [stdout] 46 | pub struct InitBlog<'info, PostState> {
[INFO] [stdout]    |                          +++++++++++
[INFO] [stdout] 
[INFO] [stdout] 
[INFO] [stdout] error[E0412]: cannot find type `PostState` in this scope
[INFO] [stdout]   --> programs/blog/src/lib.rs:65:39
[INFO] [stdout]    |
[INFO] [stdout] 65 |     pub post_account : Account<'info, PostState>,
[INFO] [stdout]    |                                       ^^^^^^^^^ not found in this scope
[INFO] [stdout]    |
[INFO] [stdout] help: you might be missing a type parameter
[INFO] [stdout]    |
[INFO] [stdout] 63 | pub struct CreatePost <'info, PostState>{
[INFO] [stdout]    |                             +++++++++++
[INFO] [stdout] 
[INFO] [stdout] 
[INFO] [stdout] error[E0412]: cannot find type `PostState` in this scope
[INFO] [stdout]   --> programs/blog/src/lib.rs:65:39
[INFO] [stdout]    |
[INFO] [stdout] 65 |     pub post_account : Account<'info, PostState>,
[INFO] [stdout]    |                                       ^^^^^^^^^ not found in this scope
[INFO] [stdout]    |
[INFO] [stdout] help: you might be missing a type parameter
[INFO] [stdout]    |
[INFO] [stdout] 63 | pub struct CreatePost <'info, PostState>{
[INFO] [stdout]    |                             +++++++++++
[INFO] [stdout] 
[INFO] [stdout] 
[INFO] [stdout] error[E0433]: failed to resolve: use of undeclared type `CreatePOst`
[INFO] [stdout]   --> programs/blog/src/lib.rs:40:37
[INFO] [stdout]    |
[INFO] [stdout] 40 |     pub fn create_post(ctx: Context<CreatePOst>, title : Sting, content: String)->ProgramResult{
[INFO] [stdout]    |                                     ^^^^^^^^^^
[INFO] [stdout]    |                                     |
[INFO] [stdout]    |                                     use of undeclared type `CreatePOst`
[INFO] [stdout]    |                                     help: a struct with a similar name exists (notice the capitalization): `CreatePost`
[INFO] [stdout] 
[INFO] [stdout] 
[INFO] [stdout] error[E0433]: failed to resolve: use of undeclared type `CreatePOst`
[INFO] [stdout]   --> programs/blog/src/lib.rs:40:37
[INFO] [stdout]    |
[INFO] [stdout] 40 |     pub fn create_post(ctx: Context<CreatePOst>, title : Sting, content: String)->ProgramResult{
[INFO] [stdout]    |                                     ^^^^^^^^^^
[INFO] [stdout]    |                                     |
[INFO] [stdout]    |                                     use of undeclared type `CreatePOst`
[INFO] [stdout]    |                                     help: a struct with a similar name exists (notice the capitalization): `CreatePost`
[INFO] [stdout] 
[INFO] [stdout] 
[INFO] [stdout] error: aborting due to 9 previous errors
[INFO] [stdout] 
[INFO] [stdout] 
[INFO] [stdout] error: aborting due to 9 previous errors
[INFO] [stdout] 
[INFO] [stdout] 
[INFO] [stdout] Some errors have detailed explanations: E0412, E0432, E0433.
[INFO] [stdout] 
[INFO] [stdout] Some errors have detailed explanations: E0412, E0432, E0433.
[INFO] [stdout] 
[INFO] [stdout] For more information about an error, try `rustc --explain E0412`.
[INFO] [stdout] 
[INFO] [stdout] For more information about an error, try `rustc --explain E0412`.
[INFO] [stdout] 
[INFO] [stderr] error: could not compile `blog` (lib test) due to 10 previous errors
[INFO] [stderr] warning: build failed, waiting for other jobs to finish...
[INFO] [stderr] error: could not compile `blog` (lib) due to 10 previous errors
[INFO] running `Command { std: "docker" "inspect" "ab4ac8ffaed2438fb7702295034465659c4b7a8de3616a342029b6e56513aa8b", kill_on_drop: false }`
[INFO] running `Command { std: "docker" "rm" "-f" "ab4ac8ffaed2438fb7702295034465659c4b7a8de3616a342029b6e56513aa8b", kill_on_drop: false }`
[INFO] [stdout] ab4ac8ffaed2438fb7702295034465659c4b7a8de3616a342029b6e56513aa8b
